{"id":818,"date":"2024-03-11T14:33:21","date_gmt":"2024-03-11T13:33:21","guid":{"rendered":"https:\/\/www.braunavigatoren.de\/?page_id=818"},"modified":"2024-08-21T16:29:33","modified_gmt":"2024-08-21T14:29:33","slug":"unser-rebellenbock","status":"publish","type":"page","link":"https:\/\/www.braunavigatoren.de\/?page_id=818","title":{"rendered":"Unser &#8222;Rebellenbock&#8220;"},"content":{"rendered":"\n<figure class=\"wp-block-image size-large\"><img loading=\"lazy\" decoding=\"async\" width=\"1024\" height=\"768\" src=\"http:\/\/www.braunavigatoren.de\/wp-content\/uploads\/2024\/03\/IMG_3695-1024x768.png\" alt=\"\" class=\"wp-image-814\" srcset=\"https:\/\/www.braunavigatoren.de\/wp-content\/uploads\/2024\/03\/IMG_3695-1024x768.png 1024w, https:\/\/www.braunavigatoren.de\/wp-content\/uploads\/2024\/03\/IMG_3695-300x225.png 300w, https:\/\/www.braunavigatoren.de\/wp-content\/uploads\/2024\/03\/IMG_3695-768x576.png 768w, https:\/\/www.braunavigatoren.de\/wp-content\/uploads\/2024\/03\/IMG_3695-1536x1152.png 1536w, https:\/\/www.braunavigatoren.de\/wp-content\/uploads\/2024\/03\/IMG_3695-2048x1536.png 2048w, https:\/\/www.braunavigatoren.de\/wp-content\/uploads\/2024\/03\/IMG_3695-1200x900.png 1200w\" sizes=\"auto, (max-width: 709px) 85vw, (max-width: 909px) 67vw, (max-width: 1362px) 62vw, 840px\" \/><figcaption class=\"wp-element-caption\">Die neuen BN-Humpen<\/figcaption><\/figure>\n\n\n\n<p>Als Husum unter d\u00e4nischer Herrschaft stand rebellierten einige Husumer und waren nach einiger Zeit &#8222;kopflos&#8220;, weil die Obrigkeit sie enthaupten lie\u00df. Zus\u00e4tzlich wurden die Angeh\u00f6rigen der Rebellen mit einer Extrasteuer belegt, die noch lange bis ins letzte Jahrhundert aufrecht erhalten wurde. <br>Die Husumer Brauerei widmete den &#8222;Rebellenbock&#8220; den kopflosen K\u00e4mpfern.<\/p>\n\n\n\n<p>Wir wagten uns am 11. M\u00e4rz an eine Kopie dieses Bieres.<\/p>\n\n\n\n<figure class=\"wp-block-gallery has-nested-images columns-default is-cropped wp-block-gallery-1 is-layout-flex wp-block-gallery-is-layout-flex\">\n<figure class=\"wp-block-image size-large\"><img loading=\"lazy\" decoding=\"async\" width=\"768\" height=\"1024\" data-id=\"831\" src=\"https:\/\/www.braunavigatoren.de\/wp-content\/uploads\/2024\/03\/2-768x1024.png\" alt=\"\" class=\"wp-image-831\" srcset=\"https:\/\/www.braunavigatoren.de\/wp-content\/uploads\/2024\/03\/2-768x1024.png 768w, https:\/\/www.braunavigatoren.de\/wp-content\/uploads\/2024\/03\/2-225x300.png 225w, https:\/\/www.braunavigatoren.de\/wp-content\/uploads\/2024\/03\/2-1152x1536.png 1152w, https:\/\/www.braunavigatoren.de\/wp-content\/uploads\/2024\/03\/2-1200x1600.png 1200w, https:\/\/www.braunavigatoren.de\/wp-content\/uploads\/2024\/03\/2.png 1536w\" sizes=\"auto, (max-width: 768px) 85vw, 768px\" \/><figcaption class=\"wp-element-caption\">Hella w\u00fcrgt den Rebellen&#8230;<\/figcaption><\/figure>\n\n\n\n<figure class=\"wp-block-image size-large\"><img loading=\"lazy\" decoding=\"async\" width=\"603\" height=\"1024\" data-id=\"832\" src=\"https:\/\/www.braunavigatoren.de\/wp-content\/uploads\/2024\/03\/1-603x1024.png\" alt=\"\" class=\"wp-image-832\" srcset=\"https:\/\/www.braunavigatoren.de\/wp-content\/uploads\/2024\/03\/1-603x1024.png 603w, https:\/\/www.braunavigatoren.de\/wp-content\/uploads\/2024\/03\/1-177x300.png 177w, https:\/\/www.braunavigatoren.de\/wp-content\/uploads\/2024\/03\/1-768x1305.png 768w, https:\/\/www.braunavigatoren.de\/wp-content\/uploads\/2024\/03\/1-904x1536.png 904w, https:\/\/www.braunavigatoren.de\/wp-content\/uploads\/2024\/03\/1-1200x2040.png 1200w, https:\/\/www.braunavigatoren.de\/wp-content\/uploads\/2024\/03\/1.png 1205w\" sizes=\"auto, (max-width: 603px) 85vw, 603px\" \/><figcaption class=\"wp-element-caption\">M\u00e4rzhimmel lacht<\/figcaption><\/figure>\n\n\n\n<figure class=\"wp-block-image size-large\"><img loading=\"lazy\" decoding=\"async\" width=\"768\" height=\"1024\" data-id=\"833\" src=\"https:\/\/www.braunavigatoren.de\/wp-content\/uploads\/2024\/03\/JPEG-Bild-4F56-8FCF-72-0-768x1024.png\" alt=\"\" class=\"wp-image-833\" srcset=\"https:\/\/www.braunavigatoren.de\/wp-content\/uploads\/2024\/03\/JPEG-Bild-4F56-8FCF-72-0-768x1024.png 768w, https:\/\/www.braunavigatoren.de\/wp-content\/uploads\/2024\/03\/JPEG-Bild-4F56-8FCF-72-0-225x300.png 225w, https:\/\/www.braunavigatoren.de\/wp-content\/uploads\/2024\/03\/JPEG-Bild-4F56-8FCF-72-0-1152x1536.png 1152w, https:\/\/www.braunavigatoren.de\/wp-content\/uploads\/2024\/03\/JPEG-Bild-4F56-8FCF-72-0.png 1200w\" sizes=\"auto, (max-width: 768px) 85vw, 768px\" \/><figcaption class=\"wp-element-caption\">dauerhaftes, schnelles R\u00fchren ist das Rezept gegen die automatische Abschaltung des Braukessels<\/figcaption><\/figure>\n\n\n\n<figure class=\"wp-block-image size-large\"><img loading=\"lazy\" decoding=\"async\" width=\"591\" height=\"1024\" data-id=\"834\" src=\"https:\/\/www.braunavigatoren.de\/wp-content\/uploads\/2024\/03\/JPEG-Bild-4E0D-97CA-BE-0-591x1024.png\" alt=\"\" class=\"wp-image-834\" srcset=\"https:\/\/www.braunavigatoren.de\/wp-content\/uploads\/2024\/03\/JPEG-Bild-4E0D-97CA-BE-0-591x1024.png 591w, https:\/\/www.braunavigatoren.de\/wp-content\/uploads\/2024\/03\/JPEG-Bild-4E0D-97CA-BE-0-173x300.png 173w, https:\/\/www.braunavigatoren.de\/wp-content\/uploads\/2024\/03\/JPEG-Bild-4E0D-97CA-BE-0-768x1331.png 768w, https:\/\/www.braunavigatoren.de\/wp-content\/uploads\/2024\/03\/JPEG-Bild-4E0D-97CA-BE-0-887x1536.png 887w, https:\/\/www.braunavigatoren.de\/wp-content\/uploads\/2024\/03\/JPEG-Bild-4E0D-97CA-BE-0.png 1182w\" sizes=\"auto, (max-width: 591px) 85vw, 591px\" \/><figcaption class=\"wp-element-caption\">..verdammt lang her&#8230;<\/figcaption><\/figure>\n\n\n\n<figure class=\"wp-block-image size-large\"><img loading=\"lazy\" decoding=\"async\" width=\"768\" height=\"1024\" data-id=\"837\" src=\"https:\/\/www.braunavigatoren.de\/wp-content\/uploads\/2024\/03\/JPEG-Bild-4621-944A-AE-0-768x1024.png\" alt=\"\" class=\"wp-image-837\" srcset=\"https:\/\/www.braunavigatoren.de\/wp-content\/uploads\/2024\/03\/JPEG-Bild-4621-944A-AE-0-768x1024.png 768w, https:\/\/www.braunavigatoren.de\/wp-content\/uploads\/2024\/03\/JPEG-Bild-4621-944A-AE-0-225x300.png 225w, https:\/\/www.braunavigatoren.de\/wp-content\/uploads\/2024\/03\/JPEG-Bild-4621-944A-AE-0-1152x1536.png 1152w, https:\/\/www.braunavigatoren.de\/wp-content\/uploads\/2024\/03\/JPEG-Bild-4621-944A-AE-0-1200x1600.png 1200w, https:\/\/www.braunavigatoren.de\/wp-content\/uploads\/2024\/03\/JPEG-Bild-4621-944A-AE-0.png 1536w\" sizes=\"auto, (max-width: 768px) 85vw, 768px\" \/><figcaption class=\"wp-element-caption\">Schroten mit abweschselndem H\u00fcftschwung<\/figcaption><\/figure>\n<\/figure>\n\n\n<div class=\"wp-block-image\">\n<figure class=\"aligncenter size-large is-resized\"><img loading=\"lazy\" decoding=\"async\" width=\"1024\" height=\"653\" src=\"https:\/\/www.braunavigatoren.de\/wp-content\/uploads\/2024\/03\/IMG_406E6DD7B35C-1-1024x653.png\" alt=\"\" class=\"wp-image-851\" style=\"width:629px;height:auto\" srcset=\"https:\/\/www.braunavigatoren.de\/wp-content\/uploads\/2024\/03\/IMG_406E6DD7B35C-1-1024x653.png 1024w, https:\/\/www.braunavigatoren.de\/wp-content\/uploads\/2024\/03\/IMG_406E6DD7B35C-1-300x191.png 300w, https:\/\/www.braunavigatoren.de\/wp-content\/uploads\/2024\/03\/IMG_406E6DD7B35C-1-768x489.png 768w, https:\/\/www.braunavigatoren.de\/wp-content\/uploads\/2024\/03\/IMG_406E6DD7B35C-1-1536x979.png 1536w, https:\/\/www.braunavigatoren.de\/wp-content\/uploads\/2024\/03\/IMG_406E6DD7B35C-1-1200x765.png 1200w, https:\/\/www.braunavigatoren.de\/wp-content\/uploads\/2024\/03\/IMG_406E6DD7B35C-1.png 2048w\" sizes=\"auto, (max-width: 709px) 85vw, (max-width: 909px) 67vw, (max-width: 1362px) 62vw, 840px\" \/><figcaption class=\"wp-element-caption\">ein &#8222;Mrs. Fuggeles&#8220; und zwei &#8222;Nikolausi&#8220; zum Braufr\u00fchst\u00fcck<\/figcaption><\/figure>\n<\/div>\n\n\n<p id=\"block-4c235d62-3fc6-4296-8fad-8fb94ccd6ea4\"><strong>Rebellenbock<\/strong><br><strong>Datum:<\/strong> 11.3.24<br><strong>Verfahren:<\/strong> aufsteigende Infusion<br><strong>Biersorte:<\/strong> Bockbier<br><strong>Hauptguss:<\/strong> 18 Liter<br><strong>Nachguss:<\/strong> 14 Liter<br><strong>Sch\u00fcttung:<\/strong> 4960 Gr. M\u00fcnchner Malz, 1430 Gr. B\u00f6hmisches Tennenmalz, 110 Gr. CaraFa Typ II Spezial<br><strong>Einmaischen:<\/strong> 36\u00b0 C<br><strong>Eiweissrast:<\/strong> 15 Min. bei 52\u00b0 C<br><strong>Maltoserast<\/strong>: 30 Min. bei 68\u00b0 C<br><strong>Verzuckerungsrast:<\/strong> 20 Min. bei 70\u00b0 C<br><strong>Abmaischen:<\/strong> bei 78\u00b0 C<br><strong>Kochzeit W\u00fcrze:<\/strong> 90 Min. <br><strong>Hopfen:<\/strong> 18 Gr. Northern Brewer 11% f\u00fcr 90 Min., 12 Gr. Northern Brewer f\u00fcr 30 Min., 8 Gr. Northern Brewer f\u00fcr 10 Min.<br><strong>Speise:<\/strong> 1,75 Liter<br><strong>Stammw\u00fcrze:<\/strong> 17,71 %<br><strong>Hefe:<\/strong> Safale S04 von Fermentis<br><strong>G\u00e4rtemperatur:<\/strong> 16-18,5\u00b0 C<br><strong>G\u00e4rdauer:<\/strong> 7 Tage<br><strong>Abgef\u00fcllte Menge:<\/strong> 20,33 Liter<br><\/p>\n\n\n\n<p id=\"block-cff5d83f-55a1-4411-a6cc-5c27fd989c41\"><strong>Ergebnis\/Bewertung:<br><\/strong>Beim Anstich war klar, dass hier ein wirklich sehr s\u00fcffiger und vollmundiger Bock (6,8% vol.) entstanden ist, ganz wie es die Husumer vorgemacht haben.<\/p>\n","protected":false},"excerpt":{"rendered":"<p>Als Husum unter d\u00e4nischer Herrschaft stand rebellierten einige Husumer und waren nach einiger Zeit &#8222;kopflos&#8220;, weil die Obrigkeit sie enthaupten lie\u00df. Zus\u00e4tzlich wurden die Angeh\u00f6rigen der Rebellen mit einer Extrasteuer belegt, die noch lange bis ins letzte Jahrhundert aufrecht erhalten wurde. Die Husumer Brauerei widmete den &#8222;Rebellenbock&#8220; den kopflosen K\u00e4mpfern. Wir wagten uns am 11. &hellip; <a href=\"https:\/\/www.braunavigatoren.de\/?page_id=818\" class=\"more-link\"><span class=\"screen-reader-text\">\u201eUnser &#8222;Rebellenbock&#8220;\u201c <\/span>weiterlesen<\/a><\/p>\n","protected":false},"author":2,"featured_media":0,"parent":0,"menu_order":0,"comment_status":"closed","ping_status":"closed","template":"","meta":{"footnotes":""},"class_list":["post-818","page","type-page","status-publish","hentry"],"_links":{"self":[{"href":"https:\/\/www.braunavigatoren.de\/index.php?rest_route=\/wp\/v2\/pages\/818","targetHints":{"allow":["GET"]}}],"collection":[{"href":"https:\/\/www.braunavigatoren.de\/index.php?rest_route=\/wp\/v2\/pages"}],"about":[{"href":"https:\/\/www.braunavigatoren.de\/index.php?rest_route=\/wp\/v2\/types\/page"}],"author":[{"embeddable":true,"href":"https:\/\/www.braunavigatoren.de\/index.php?rest_route=\/wp\/v2\/users\/2"}],"replies":[{"embeddable":true,"href":"https:\/\/www.braunavigatoren.de\/index.php?rest_route=%2Fwp%2Fv2%2Fcomments&post=818"}],"version-history":[{"count":10,"href":"https:\/\/www.braunavigatoren.de\/index.php?rest_route=\/wp\/v2\/pages\/818\/revisions"}],"predecessor-version":[{"id":874,"href":"https:\/\/www.braunavigatoren.de\/index.php?rest_route=\/wp\/v2\/pages\/818\/revisions\/874"}],"wp:attachment":[{"href":"https:\/\/www.braunavigatoren.de\/index.php?rest_route=%2Fwp%2Fv2%2Fmedia&parent=818"}],"curies":[{"name":"wp","href":"https:\/\/api.w.org\/{rel}","templated":true}]}}