{"id":753,"date":"2023-03-30T15:55:34","date_gmt":"2023-03-30T13:55:34","guid":{"rendered":"https:\/\/www.braunavigatoren.de\/?page_id=753"},"modified":"2023-08-07T16:00:25","modified_gmt":"2023-08-07T14:00:25","slug":"birgits-helles-pale-ale","status":"publish","type":"page","link":"https:\/\/www.braunavigatoren.de\/?page_id=753","title":{"rendered":"Unser &#8222;Birgits Helles&#8220;"},"content":{"rendered":"<div class=\"wp-block-image\">\n<figure class=\"aligncenter size-large is-resized\"><img loading=\"lazy\" decoding=\"async\" src=\"https:\/\/www.braunavigatoren.de\/wp-content\/uploads\/2023\/03\/Birgit-e1680186358155-672x1024.png\" alt=\"\" class=\"wp-image-759\" width=\"336\" height=\"512\" srcset=\"https:\/\/www.braunavigatoren.de\/wp-content\/uploads\/2023\/03\/Birgit-e1680186358155-672x1024.png 672w, https:\/\/www.braunavigatoren.de\/wp-content\/uploads\/2023\/03\/Birgit-e1680186358155-197x300.png 197w, https:\/\/www.braunavigatoren.de\/wp-content\/uploads\/2023\/03\/Birgit-e1680186358155-768x1171.png 768w, https:\/\/www.braunavigatoren.de\/wp-content\/uploads\/2023\/03\/Birgit-e1680186358155-1008x1536.png 1008w, https:\/\/www.braunavigatoren.de\/wp-content\/uploads\/2023\/03\/Birgit-e1680186358155-1343x2048.png 1343w, https:\/\/www.braunavigatoren.de\/wp-content\/uploads\/2023\/03\/Birgit-e1680186358155-1200x1829.png 1200w, https:\/\/www.braunavigatoren.de\/wp-content\/uploads\/2023\/03\/Birgit-e1680186358155.png 2036w\" sizes=\"auto, (max-width: 336px) 85vw, 336px\" \/><figcaption class=\"wp-element-caption\">&#8222;Ich will mal ein richtig Helles machen..&#8220;<\/figcaption><\/figure>\n<\/div>\n\n\n<p class=\"has-text-align-center\">&#8230; sagte Birgit, weil die meisten unserer Biere dunkel bis tiefschwarz sind. <br>Also wurde dieser Brautag dem Pale Ale gewidmet.<\/p>\n\n\n\n<figure class=\"wp-block-gallery has-nested-images columns-default is-cropped wp-block-gallery-1 is-layout-flex wp-block-gallery-is-layout-flex\">\n<figure class=\"wp-block-image size-large\"><img loading=\"lazy\" decoding=\"async\" width=\"862\" height=\"1914\" data-id=\"773\" src=\"https:\/\/www.braunavigatoren.de\/wp-content\/uploads\/2023\/03\/Heute-Brautag-edited.png\" alt=\"\" class=\"wp-image-773\" srcset=\"https:\/\/www.braunavigatoren.de\/wp-content\/uploads\/2023\/03\/Heute-Brautag-edited.png 862w, https:\/\/www.braunavigatoren.de\/wp-content\/uploads\/2023\/03\/Heute-Brautag-edited-135x300.png 135w, https:\/\/www.braunavigatoren.de\/wp-content\/uploads\/2023\/03\/Heute-Brautag-edited-461x1024.png 461w, https:\/\/www.braunavigatoren.de\/wp-content\/uploads\/2023\/03\/Heute-Brautag-edited-768x1705.png 768w, https:\/\/www.braunavigatoren.de\/wp-content\/uploads\/2023\/03\/Heute-Brautag-edited-692x1536.png 692w\" sizes=\"auto, (max-width: 709px) 85vw, (max-width: 909px) 67vw, (max-width: 1362px) 62vw, 840px\" \/><\/figure>\n\n\n\n<figure class=\"wp-block-image size-large\"><img loading=\"lazy\" decoding=\"async\" width=\"615\" height=\"1365\" data-id=\"772\" src=\"https:\/\/www.braunavigatoren.de\/wp-content\/uploads\/2023\/03\/Dennis-ruehrt-edited.png\" alt=\"\" class=\"wp-image-772\" srcset=\"https:\/\/www.braunavigatoren.de\/wp-content\/uploads\/2023\/03\/Dennis-ruehrt-edited.png 615w, https:\/\/www.braunavigatoren.de\/wp-content\/uploads\/2023\/03\/Dennis-ruehrt-edited-135x300.png 135w, https:\/\/www.braunavigatoren.de\/wp-content\/uploads\/2023\/03\/Dennis-ruehrt-edited-461x1024.png 461w\" sizes=\"auto, (max-width: 615px) 85vw, 615px\" \/><figcaption class=\"wp-element-caption\">Notheizung<\/figcaption><\/figure>\n\n\n\n<figure class=\"wp-block-image size-large\"><img loading=\"lazy\" decoding=\"async\" width=\"461\" height=\"1024\" data-id=\"766\" src=\"https:\/\/www.braunavigatoren.de\/wp-content\/uploads\/2023\/03\/neue-Shirts-461x1024.png\" alt=\"\" class=\"wp-image-766\" srcset=\"https:\/\/www.braunavigatoren.de\/wp-content\/uploads\/2023\/03\/neue-Shirts-461x1024.png 461w, https:\/\/www.braunavigatoren.de\/wp-content\/uploads\/2023\/03\/neue-Shirts-135x300.png 135w, https:\/\/www.braunavigatoren.de\/wp-content\/uploads\/2023\/03\/neue-Shirts-768x1706.png 768w, https:\/\/www.braunavigatoren.de\/wp-content\/uploads\/2023\/03\/neue-Shirts-692x1536.png 692w, https:\/\/www.braunavigatoren.de\/wp-content\/uploads\/2023\/03\/neue-Shirts.png 922w\" sizes=\"auto, (max-width: 461px) 85vw, 461px\" \/><\/figure>\n\n\n\n<figure class=\"wp-block-image size-large\"><img loading=\"lazy\" decoding=\"async\" width=\"461\" height=\"1024\" data-id=\"761\" src=\"https:\/\/www.braunavigatoren.de\/wp-content\/uploads\/2023\/03\/Brauturm-461x1024.png\" alt=\"\" class=\"wp-image-761\" srcset=\"https:\/\/www.braunavigatoren.de\/wp-content\/uploads\/2023\/03\/Brauturm-461x1024.png 461w, https:\/\/www.braunavigatoren.de\/wp-content\/uploads\/2023\/03\/Brauturm-135x300.png 135w, https:\/\/www.braunavigatoren.de\/wp-content\/uploads\/2023\/03\/Brauturm-768x1706.png 768w, https:\/\/www.braunavigatoren.de\/wp-content\/uploads\/2023\/03\/Brauturm-692x1536.png 692w, https:\/\/www.braunavigatoren.de\/wp-content\/uploads\/2023\/03\/Brauturm.png 922w\" sizes=\"auto, (max-width: 461px) 85vw, 461px\" \/><figcaption class=\"wp-element-caption\">L\u00e4uterturm<\/figcaption><\/figure>\n\n\n\n<figure class=\"wp-block-image size-large\"><img loading=\"lazy\" decoding=\"async\" width=\"978\" height=\"1304\" data-id=\"770\" src=\"https:\/\/www.braunavigatoren.de\/wp-content\/uploads\/2023\/03\/Kraeusen-edited.png\" alt=\"\" class=\"wp-image-770\" srcset=\"https:\/\/www.braunavigatoren.de\/wp-content\/uploads\/2023\/03\/Kraeusen-edited.png 978w, https:\/\/www.braunavigatoren.de\/wp-content\/uploads\/2023\/03\/Kraeusen-edited-225x300.png 225w, https:\/\/www.braunavigatoren.de\/wp-content\/uploads\/2023\/03\/Kraeusen-edited-768x1024.png 768w\" sizes=\"auto, (max-width: 709px) 85vw, (max-width: 909px) 67vw, (max-width: 1362px) 62vw, 840px\" \/><\/figure>\n<\/figure>\n\n\n\n<p id=\"block-1a6da5d1-98b8-442d-990e-7cf451e423c5\"><br><strong>Birgits Helles<\/strong><br><strong>Datum:<\/strong> 26.03.2023<br><strong>Verfahren:<\/strong> aufsteigende Infusion<br><strong>Biersorte:<\/strong> Pale Ale<br><strong>Hauptguss:<\/strong> 20 Liter<br><strong>Nachguss:<\/strong> 12 Liter<br><strong>Sch\u00fcttung:<\/strong> 4 kg Pilsner Malz, 600 gr. Cara Pils, 200 gr. Haferflocken, 300 gr. Sauermalz<br><strong>Einmaischen:<\/strong>  57 \u00b0 C<br><strong>Eiweissrast:<\/strong> 10 Min. bei 55 \u00b0 C, direkt nach dem Einmaischen<br><strong>Maltoserast<\/strong>: 45 Min. bei 63 \u00b0 C<br><strong>Verzuckerungsrast:<\/strong> 25 Min. bei 72 \u00b0 C und<br>10 min bei 77\/78 \u00b0 C<br><strong>Abmaischen:<\/strong> bei 78 \u00b0 C<br><strong>Kochzeit W\u00fcrze:<\/strong> 70 Min.<br><strong>Hopfen:<\/strong> 70 Min.<br>8 gr. Mandarina Bavaria 8,8 % Alphas\u00e4ure, 70 Min.<br>14 gr. Mandarina Bavaria 8,8 % Alphas\u00e4ure, 60 Min.<br>4 gr. Irish Moos f\u00fcr 15 Min.<br>16 gr. Chinook 11,8 % Alphas\u00e4ure, 10 Min.<br>16 gr. Mandarina Bavaria, 8,8 % Alphas\u00e4ure, bei Kochende<br>17 gr. Chinook, 11,8 % Alphas\u00e4ure, bei Kochende<br><strong>Speise:<\/strong> 1,5 Liter<br><strong>Stammw\u00fcrze:<\/strong> 12,3 %<br><strong>Hefe:<\/strong> SafAle S-04<br><strong>G\u00e4rtemperatur:<\/strong> 16-17\u00b0 C<br><strong>G\u00e4rdauer:<\/strong> 5 Tage<br><strong>Abgef\u00fcllte Menge:<\/strong> 22,5 <br><\/p>\n\n\n\n<p id=\"block-999452ee-fcdf-47e3-93a6-66a24b0dff1c\"><strong>Ergebnis\/Bewertung:<br><\/strong>Ein hopfiges Pale Ale &#8211; wie erwartet. Uuuuuund&#8230;. wirklich sehr hell -mit 5,31 EBC unser hellstes Bier (bisher).<\/p>\n","protected":false},"excerpt":{"rendered":"<p>&#8230; sagte Birgit, weil die meisten unserer Biere dunkel bis tiefschwarz sind. Also wurde dieser Brautag dem Pale Ale gewidmet. Birgits HellesDatum: 26.03.2023Verfahren: aufsteigende InfusionBiersorte: Pale AleHauptguss: 20 LiterNachguss: 12 LiterSch\u00fcttung: 4 kg Pilsner Malz, 600 gr. Cara Pils, 200 gr. Haferflocken, 300 gr. SauermalzEinmaischen: 57 \u00b0 CEiweissrast: 10 Min. bei 55 \u00b0 C, direkt &hellip; <a href=\"https:\/\/www.braunavigatoren.de\/?page_id=753\" class=\"more-link\"><span class=\"screen-reader-text\">\u201eUnser &#8222;Birgits Helles&#8220;\u201c <\/span>weiterlesen<\/a><\/p>\n","protected":false},"author":2,"featured_media":0,"parent":0,"menu_order":0,"comment_status":"closed","ping_status":"closed","template":"","meta":{"footnotes":""},"class_list":["post-753","page","type-page","status-publish","hentry"],"_links":{"self":[{"href":"https:\/\/www.braunavigatoren.de\/index.php?rest_route=\/wp\/v2\/pages\/753","targetHints":{"allow":["GET"]}}],"collection":[{"href":"https:\/\/www.braunavigatoren.de\/index.php?rest_route=\/wp\/v2\/pages"}],"about":[{"href":"https:\/\/www.braunavigatoren.de\/index.php?rest_route=\/wp\/v2\/types\/page"}],"author":[{"embeddable":true,"href":"https:\/\/www.braunavigatoren.de\/index.php?rest_route=\/wp\/v2\/users\/2"}],"replies":[{"embeddable":true,"href":"https:\/\/www.braunavigatoren.de\/index.php?rest_route=%2Fwp%2Fv2%2Fcomments&post=753"}],"version-history":[{"count":8,"href":"https:\/\/www.braunavigatoren.de\/index.php?rest_route=\/wp\/v2\/pages\/753\/revisions"}],"predecessor-version":[{"id":791,"href":"https:\/\/www.braunavigatoren.de\/index.php?rest_route=\/wp\/v2\/pages\/753\/revisions\/791"}],"wp:attachment":[{"href":"https:\/\/www.braunavigatoren.de\/index.php?rest_route=%2Fwp%2Fv2%2Fmedia&parent=753"}],"curies":[{"name":"wp","href":"https:\/\/api.w.org\/{rel}","templated":true}]}}