{"id":129,"date":"2019-05-02T19:00:03","date_gmt":"2019-05-02T17:00:03","guid":{"rendered":"https:\/\/www.braunavigatoren.de\/?page_id=129"},"modified":"2021-12-11T18:21:06","modified_gmt":"2021-12-11T17:21:06","slug":"spezialitaeten","status":"publish","type":"page","link":"https:\/\/www.braunavigatoren.de\/?page_id=129","title":{"rendered":"Einige kleine Spezialit\u00e4ten&#8230;"},"content":{"rendered":"\n<figure class=\"wp-block-image is-resized\"><img loading=\"lazy\" decoding=\"async\" src=\"https:\/\/www.braunavigatoren.de\/wp-content\/uploads\/2019\/05\/HellaLabel-1-724x1024.png\" alt=\"\" class=\"wp-image-183\" width=\"362\" height=\"512\" srcset=\"https:\/\/www.braunavigatoren.de\/wp-content\/uploads\/2019\/05\/HellaLabel-1-724x1024.png 724w, https:\/\/www.braunavigatoren.de\/wp-content\/uploads\/2019\/05\/HellaLabel-1-212x300.png 212w, https:\/\/www.braunavigatoren.de\/wp-content\/uploads\/2019\/05\/HellaLabel-1-768x1086.png 768w, https:\/\/www.braunavigatoren.de\/wp-content\/uploads\/2019\/05\/HellaLabel-1.png 794w\" sizes=\"auto, (max-width: 362px) 85vw, 362px\" \/><figcaption><strong>Endlich in Rente &#8211; Hella\u00b4s Pensionator<\/strong><\/figcaption><\/figure>\n\n\n\n<p><strong>Hella\u00b4s Pensionator<\/strong><br>Im Juli 2018 war es soweit. Mit Anfang der Sommerferien wurde Hella in die Altersarmut entlassen (Rentenbeginn). Zum Trost hatten wir vorsorglich einige Flaschen des fantastischen &#8222;Hexenbr\u00e4u&#8220; aufgehoben und haben daraus kurzerhand &#8222;Hella\u00b4s Pensionator&#8220; kreiert. Eine echte Aufwertung &#8211; ein Sixpack f\u00fcr den steinigen Weg des Rentenbezugs.<\/p>\n\n\n\n<div class=\"wp-block-image\"><figure class=\"aligncenter is-resized\"><img loading=\"lazy\" decoding=\"async\" src=\"https:\/\/www.braunavigatoren.de\/wp-content\/uploads\/2019\/04\/Dennis34.png\" alt=\"\" class=\"wp-image-30\" width=\"418\" height=\"548\" srcset=\"https:\/\/www.braunavigatoren.de\/wp-content\/uploads\/2019\/04\/Dennis34.png 284w, https:\/\/www.braunavigatoren.de\/wp-content\/uploads\/2019\/04\/Dennis34-229x300.png 229w\" sizes=\"auto, (max-width: 418px) 85vw, 418px\" \/><figcaption>               <strong>Zum 75. Geburtstag von Dennis.<\/strong><\/figcaption><\/figure><\/div>\n\n\n\n<p><strong>Dennis\u00b4 3\/4<\/strong><br>Als  \u00dcberraschung f\u00fcr ein Dreivierteljahrhundert Dennis Cory wurde dieses Irish Stout gebraut und am Jubilator-Brautag, dem 1.2.2019, angestochen. Was \u00fcbrig blieb, hat der Jubilar gerne mit nach Hause genommen. <br>Dennis\u00b4 3\/4 ist ein Nachbr\u00e4u des &#8222;Navigator&#8220; wurde aber mit Roggen- und Schokomalz nochmals aufgewertet und ist ebenso vortrefflich gelungen.<\/p>\n\n\n\n<p>  <\/p>\n\n\n\n<p><strong>Strong Leo und Christkinds Kellerbier<\/strong><\/p>\n\n\n\n<figure class=\"wp-block-image size-medium is-resized\"><img loading=\"lazy\" decoding=\"async\" src=\"https:\/\/www.braunavigatoren.de\/wp-content\/uploads\/2020\/04\/strong-leo-label-213x300.png\" alt=\"\" class=\"wp-image-500\" width=\"213\" height=\"300\" srcset=\"https:\/\/www.braunavigatoren.de\/wp-content\/uploads\/2020\/04\/strong-leo-label-213x300.png 213w, https:\/\/www.braunavigatoren.de\/wp-content\/uploads\/2020\/04\/strong-leo-label.png 397w\" sizes=\"auto, (max-width: 213px) 85vw, 213px\" \/><figcaption><img decoding=\"async\" src=\"https:\/\/www.braunavigatoren.de\/wp-content\/uploads\/2020\/04\/Christkinds-Kellerbier-2.png\" alt=\"Dieses Bild hat ein leeres Alt-Attribut. Der Dateiname ist Christkinds-Kellerbier-2.png\"><br>&nbsp;<br><br> <\/figcaption><\/figure>\n\n\n\n<p class=\"has-text-align-left\"><em>Im Winter 2019 hat Ottmar f\u00fcr seinen 60. Geburtstag zwei \u00dcberraschungsbiere gebraut, die von den BrauNavigatoren aber auch von anderen G\u00e4sten schnell &#8222;gel\u00fcftet&#8220; und &#8222;gelenzt&#8220; wurden<\/em>. <br><em>Der <strong>&#8222;Strong Leo<\/strong>&#8220; wurde an Leo Thorlacius&#8217;s Geburtstag gebraut und ist v\u00f6llig undurchsichtig. Wegen der Corona-Pandemie waren beim Anstich viel weniger G\u00e4ste da als geplant.<\/em><br><em>Zum Gl\u00fcck, denn vom <strong><span class=\"has-inline-color has-dark-gray-color\">&#8222;Strong Leo&#8220;<\/span><\/strong> ist noch gut was \u00fcbrig geblieben. Lt. Rezept soll er sich ja auch \u00fcber 1 Jahr halten.<\/em><br><em>Am ersten Weihnachtstag gebraut, war <strong><span class=\"has-inline-color has-dark-gray-color\">&#8222;Christkind\u00b4s Kellerbier&#8220;<\/span><\/strong> zum Geburtstag gerade richtig gut.<\/em><\/p>\n","protected":false},"excerpt":{"rendered":"<p>Hella\u00b4s PensionatorIm Juli 2018 war es soweit. Mit Anfang der Sommerferien wurde Hella in die Altersarmut entlassen (Rentenbeginn). Zum Trost hatten wir vorsorglich einige Flaschen des fantastischen &#8222;Hexenbr\u00e4u&#8220; aufgehoben und haben daraus kurzerhand &#8222;Hella\u00b4s Pensionator&#8220; kreiert. Eine echte Aufwertung &#8211; ein Sixpack f\u00fcr den steinigen Weg des Rentenbezugs. Dennis\u00b4 3\/4Als \u00dcberraschung f\u00fcr ein Dreivierteljahrhundert Dennis &hellip; <a href=\"https:\/\/www.braunavigatoren.de\/?page_id=129\" class=\"more-link\"><span class=\"screen-reader-text\">\u201eEinige kleine Spezialit\u00e4ten&#8230;\u201c <\/span>weiterlesen<\/a><\/p>\n","protected":false},"author":2,"featured_media":0,"parent":59,"menu_order":11,"comment_status":"closed","ping_status":"closed","template":"","meta":{"footnotes":""},"class_list":["post-129","page","type-page","status-publish","hentry"],"_links":{"self":[{"href":"https:\/\/www.braunavigatoren.de\/index.php?rest_route=\/wp\/v2\/pages\/129","targetHints":{"allow":["GET"]}}],"collection":[{"href":"https:\/\/www.braunavigatoren.de\/index.php?rest_route=\/wp\/v2\/pages"}],"about":[{"href":"https:\/\/www.braunavigatoren.de\/index.php?rest_route=\/wp\/v2\/types\/page"}],"author":[{"embeddable":true,"href":"https:\/\/www.braunavigatoren.de\/index.php?rest_route=\/wp\/v2\/users\/2"}],"replies":[{"embeddable":true,"href":"https:\/\/www.braunavigatoren.de\/index.php?rest_route=%2Fwp%2Fv2%2Fcomments&post=129"}],"version-history":[{"count":21,"href":"https:\/\/www.braunavigatoren.de\/index.php?rest_route=\/wp\/v2\/pages\/129\/revisions"}],"predecessor-version":[{"id":665,"href":"https:\/\/www.braunavigatoren.de\/index.php?rest_route=\/wp\/v2\/pages\/129\/revisions\/665"}],"up":[{"embeddable":true,"href":"https:\/\/www.braunavigatoren.de\/index.php?rest_route=\/wp\/v2\/pages\/59"}],"wp:attachment":[{"href":"https:\/\/www.braunavigatoren.de\/index.php?rest_route=%2Fwp%2Fv2%2Fmedia&parent=129"}],"curies":[{"name":"wp","href":"https:\/\/api.w.org\/{rel}","templated":true}]}}